{"id":864,"date":"2020-04-25T11:25:00","date_gmt":"2020-04-25T09:25:00","guid":{"rendered":"https:\/\/dummy.xtemos.com\/woodmart2\/furniture2-elementor\/?post_type=product&#038;p=864"},"modified":"2026-04-11T03:33:34","modified_gmt":"2026-04-11T01:33:34","slug":"elevage-bovin-a-lunite","status":"publish","type":"product","link":"https:\/\/www.granjadigital.com\/index.php\/produit\/elevage-bovin-a-lunite\/","title":{"rendered":"\u00c9levage bovin \u00e0 l&rsquo;Unit\u00e9"},"content":{"rendered":"","protected":false},"excerpt":{"rendered":"<p>The special inner foam moulds itself to accommodate and provide maximum comfort, then returns to its original shape.\u200e Thanks to the zip it is easily removable and therefore washable.\u200e<\/p>\n","protected":false},"featured_media":1563,"comment_status":"open","ping_status":"closed","template":"","meta":[],"product_brand":[],"product_cat":[33],"product_tag":[],"class_list":{"0":"post-864","1":"product","2":"type-product","3":"status-publish","4":"has-post-thumbnail","6":"product_cat-elevage-bovin-a-l-unite","8":"first","9":"instock","10":"featured","11":"shipping-taxable","12":"purchasable","13":"product-type-simple"},"_links":{"self":[{"href":"https:\/\/www.granjadigital.com\/index.php\/wp-json\/wp\/v2\/product\/864","targetHints":{"allow":["GET"]}}],"collection":[{"href":"https:\/\/www.granjadigital.com\/index.php\/wp-json\/wp\/v2\/product"}],"about":[{"href":"https:\/\/www.granjadigital.com\/index.php\/wp-json\/wp\/v2\/types\/product"}],"replies":[{"embeddable":true,"href":"https:\/\/www.granjadigital.com\/index.php\/wp-json\/wp\/v2\/comments?post=864"}],"version-history":[{"count":2,"href":"https:\/\/www.granjadigital.com\/index.php\/wp-json\/wp\/v2\/product\/864\/revisions"}],"predecessor-version":[{"id":1562,"href":"https:\/\/www.granjadigital.com\/index.php\/wp-json\/wp\/v2\/product\/864\/revisions\/1562"}],"wp:featuredmedia":[{"embeddable":true,"href":"https:\/\/www.granjadigital.com\/index.php\/wp-json\/wp\/v2\/media\/1563"}],"wp:attachment":[{"href":"https:\/\/www.granjadigital.com\/index.php\/wp-json\/wp\/v2\/media?parent=864"}],"wp:term":[{"taxonomy":"product_brand","embeddable":true,"href":"https:\/\/www.granjadigital.com\/index.php\/wp-json\/wp\/v2\/product_brand?post=864"},{"taxonomy":"product_cat","embeddable":true,"href":"https:\/\/www.granjadigital.com\/index.php\/wp-json\/wp\/v2\/product_cat?post=864"},{"taxonomy":"product_tag","embeddable":true,"href":"https:\/\/www.granjadigital.com\/index.php\/wp-json\/wp\/v2\/product_tag?post=864"}],"curies":[{"name":"wp","href":"https:\/\/api.w.org\/{rel}","templated":true}]}}